{"id":3461,"date":"2025-02-11T16:52:20","date_gmt":"2025-02-11T16:52:20","guid":{"rendered":"https:\/\/ecocleanautos.com\/?post_type=product&#038;p=3461"},"modified":"2025-02-14T22:11:47","modified_gmt":"2025-02-14T22:11:47","slug":"rodillo-para-pelos-de-mascota","status":"publish","type":"product","link":"https:\/\/ecocleanautos.com\/?product=rodillo-para-pelos-de-mascota","title":{"rendered":"Rodillo para pelos de mascota"},"content":{"rendered":"<p>Herramienta pr\u00e1ctica dise\u00f1ada para eliminar r\u00e1pida y eficazmente pelusas, pelos de mascotas y<br \/>\nresiduos de diversas superficies, manteniendo tu ropa y tapicer\u00eda impecables.<\/p>\n","protected":false},"excerpt":{"rendered":"<p>Herramienta pr\u00e1ctica dise\u00f1ada para eliminar r\u00e1pida y eficazmente pelusas, pelos de mascotas y<br \/>\nresiduos de diversas superficies, manteniendo tu ropa y tapicer\u00eda impecables.<\/p>\n","protected":false},"featured_media":3504,"comment_status":"open","ping_status":"closed","template":"","meta":[],"product_brand":[],"product_cat":[157],"product_tag":[],"class_list":{"0":"post-3461","1":"product","2":"type-product","3":"status-publish","4":"has-post-thumbnail","6":"product_cat-accesorios","8":"first","9":"instock","10":"shipping-taxable","11":"purchasable","12":"product-type-simple"},"_links":{"self":[{"href":"https:\/\/ecocleanautos.com\/index.php?rest_route=\/wp\/v2\/product\/3461","targetHints":{"allow":["GET"]}}],"collection":[{"href":"https:\/\/ecocleanautos.com\/index.php?rest_route=\/wp\/v2\/product"}],"about":[{"href":"https:\/\/ecocleanautos.com\/index.php?rest_route=\/wp\/v2\/types\/product"}],"replies":[{"embeddable":true,"href":"https:\/\/ecocleanautos.com\/index.php?rest_route=%2Fwp%2Fv2%2Fcomments&post=3461"}],"wp:featuredmedia":[{"embeddable":true,"href":"https:\/\/ecocleanautos.com\/index.php?rest_route=\/wp\/v2\/media\/3504"}],"wp:attachment":[{"href":"https:\/\/ecocleanautos.com\/index.php?rest_route=%2Fwp%2Fv2%2Fmedia&parent=3461"}],"wp:term":[{"taxonomy":"product_brand","embeddable":true,"href":"https:\/\/ecocleanautos.com\/index.php?rest_route=%2Fwp%2Fv2%2Fproduct_brand&post=3461"},{"taxonomy":"product_cat","embeddable":true,"href":"https:\/\/ecocleanautos.com\/index.php?rest_route=%2Fwp%2Fv2%2Fproduct_cat&post=3461"},{"taxonomy":"product_tag","embeddable":true,"href":"https:\/\/ecocleanautos.com\/index.php?rest_route=%2Fwp%2Fv2%2Fproduct_tag&post=3461"}],"curies":[{"name":"wp","href":"https:\/\/api.w.org\/{rel}","templated":true}]}}